*p. What is the remainder when p is divided by 19?
16
Let x = 1 - -2. Suppose -j - 2 = x, 4*r - 4*j = 28. Calculate the remainder when 78/15 - 2/10 is divided by r.
1
Let y = -4 - -7. Suppose -y*h + 6 = -60. Calculate the remainder when 42 is divided by h.
20
Suppose 5*g = 2*g + 57. Calculate the remainder when 32 is divided by g.
13
Suppose 5 = 5*b - 4*b. Calculate the remainder when 37 is divided by b.
2
Let o(z) = -3*z + 6. What is the remainder when o(-6) is divided by (3*2)/(2/3)?
6
Suppose -c - 123 = -2*h, h = c - 9 + 73. Calculate the remainder when h is divided by 20.
19
Let q = 87 + -62. Calculate the remainder when 74 is divided by q.
24
Suppose -5*z + 14 + 1 = 0. Suppose m = -5*w + 37, 0 = -3*w - 3*m + 23 + 4. Calculate the remainder when w is divided by z.
1
Suppose 3*t = 3*o - 24, 0 = -t - 3*t. Calculate the remainder when 11 is divided by 20/o - 6/(-4).
3
Suppose 3*s = -2*m + 41, 4*m - 16 - 21 = 3*s. Calculate the remainder when 36 is divided by m.
10
Let p be 253/3 - (-1)/(-3). What is the remainder when 17 is divided by p/9 + 1/(-3)?
8
Suppose g - 10 = -y, -2*g + 0*y = -y - 5. Let s(w) = w**2 - 3*w + 2. What is the remainder when 23 is divided by s(g)?
11
Suppose f - 55 - 17 = 0. Suppose 2*z - f = -2*z. Calculate the remainder when z is divided by 10.
8
Let s(c) = -6*c + 4*c**3 + 8*c - 5*c**3 + 7*c**2 - c**2. Let q = 0 - -6. What is the remainder when 35 is divided by s(q)?
11
Let f = -17 + 28. What is the remainder when (24/(-10))/((-14)/245) is divided by f?
9
Let h(p) = -p + 8. Let c(y) = -y**3 + 6*y**2 - 7*y + 3. Let g be c(5). Let f = g + 7. What is the remainder when 15 is divided by h(f)?
7
Calculate the remainder when (3 + 1)/(-4) - -11 is divided by 4.
2
Let w = -13 + 20. What is the remainder when 0 + (2 - -11)*1 is divided by w?
6
Suppose 0 = -4*o + 4*u + 167 - 71, -5*u + 96 = 3*o. Suppose f = o - 8. Calculate the remainder when f is divided by 10.
9
Let q(o) = -5*o - 3. Let l = 44 - -5. What is the remainder when l is divided by q(-4)?
15
Suppose 6 = -2*d, 0 = -0*r + 2*r - 4*d - 108. What is the remainder when r is divided by 10?
8
Let n = 40 + -31. Let k(s) = 7*s**2 + s. Calculate the remainder when n is divided by k(-1).
3
Let q be (2/(-2))/(9/(-27)). Suppose 2*c - 46 = -3*a - a, 0 = -2*a + 4*c + 18. Calculate the remainder when a is divided by q*(-1)/9*-18.
5
Let t = 1 + -3. Let v = -2 - t. Suppose -7*m = -2*m - 3*h - 147, -h - 4 = v. Calculate the remainder when m is divided by 7.
6
Let h(t) be the second derivative of -t**5/20 - t**4/3 + 5*t**3/6 + t**2/2 - t. Let j = 0 + 1. Calculate the remainder when h(-5) is divided by j.
0
Suppose 0 = -x + 2*m - 0 + 4, 64 = 5*x + m. Let s(g) = 12*g - 4. Let p be s(-9). What is the remainder when 2/(-5) + p/(-5) is divided by x?
10
Suppose -3*y = 2*p + 22 - 112, 3*y = 0. Calculate the remainder when 133 is divided by p.
43
Let r(q) = -152*q**2 - 2*q - 15. Let i(v) = -76*v**2 - v - 7. Let u(f) = -13*i(f) + 6*r(f). What is the remainder when u(-1) is divided by 26?
24
Suppose 8 = 3*t - 13. Let n = 21 - t. Calculate the remainder when n is divided by (1 + -2)*(-2 - 3).
4
Calculate the remainder when 2/(-11) + (1359/33 - -3) is divided by 15.
14
Suppose -m - 144 = -r - 0*m, r = 2*m + 143. Calculate the remainder when r is divided by 37.
34
Let i = 428 - 250. Calculate the remainder when i is divided by 13.
9
Suppose -4*m + x + 55 + 16 = 0, 45 = 3*m + 2*x. Suppose 3*f - m = 2*f. What is the remainder when f is divided by 9?
8
Suppose 4*n + 0*j - 5*j = 21, -2*j = 2. Let r(k) = -1 + n*k - 1 + 1. Calculate the remainder when r(4) is divided by 8.
7
Suppose -2*i + 3*k + 0*k = -29, -k + 30 = 5*i. Suppose -4*g + i = -21. Calculate the remainder when 19 is divided by g.
5
Let u be (-44)/(-55)*1*165. Suppose -4*h = -2*q - 2*h + u, 0 = -3*q - 5*h + 198. What is the remainder when q is divided by 17?
15
Let d = 193 - 107. What is the remainder when d is divided by 30?
26
Suppose 4*g = -4*i + 344, -2*i - 4*g = i - 257. Calculate the remainder when i is divided by 11.
10
Let m(s) = -6*s - 5. Let h be m(-2). Calculate the remainder when 1 + h + (5 - 2) is divided by 3.
2
Let y be 10/4 - 2/(-4). Suppose -y*w = w - l - 47, -5 = -l. Let u = w + 2. What is the remainder when 44 is divided by u?
14
Let q = -199 - -297. Suppose -3*t - 4*b + 70 = 0, 2*t + q = 6*t + 3*b. Let d = -16 + t. Calculate the remainder when d is divided by 4.
2
What is the remainder when 12 is divided by 25/5 + -2 - 4/(-2)?
2
Suppose 3*j + j = 20. Let n(o) = -o + 10. Let x be n(5). Suppose -5*k + 28 = -y - 45, -85 = -x*k + 5*y. What is the remainder when k is divided by j?
4
Let x be (-9 + (0 - -2))*-23. Let v = x + -47. Calculate the remainder when v is divided by 29.
27
Let q = 13 - 31. Let m(b) = b**3 + 18*b**2 - 4*b + 1. What is the remainder when m(q) is divided by (-1*1 - -1) + 19?
16
Let q = 657 + -411. Suppose -u = -4*u + q. Suppose -2*k + u = k + z, -k = -z - 26. Calculate the remainder when k is divided by 7.
6
Let z be (1 + -11 - 0) + 1. What is the remainder when 46 is divided by 38/3 + 6/z?
10
Let a = -36 + 81. Calculate the remainder when a is divided by 24.
21
Suppose 0 = 2*i - 4*i. Let o(w) = 27*w**2 + 2*w - 1. Let r be o(1). Suppose r = -i*l + 2*l. Calculate the remainder when 26 is divided by l.
12
Suppose 292 = -11*g + 996. What is the remainder when g is divided by 17?
13
Let z be -1 - (-1 + -42 + 3). Suppose 6*y - 3*y + 4*m = z, -33 = -2*y - 5*m. Calculate the remainder when 42 is divided by y.
6
Let t = -21 - -25. Calculate the remainder when 12 is divided by t.
0
Suppose -6*c = -c. Suppose c = j - 11 - 30. What is the remainder when j is divided by 21?
20
Suppose -23 = -3*l + 5*h - h, l - 13 = 4*h. Let g = -39 - -78. Suppose 3*n = 3*b - g, -b + 5*b - 52 = 2*n. What is the remainder when b is divided by l?
3
Suppose 6 = 2*x - 6. Let c(p) = 7*p - 3. What is the remainder when c(x) is divided by 14?
11
Suppose 2*t + 2 = 10. Let q be (-8)/(-36) - 70/(-9). Let m = q - 1. What is the remainder when m is divided by t?
3
Let u be 4/(-18) + (-1057)/63. Let i = -5 - u. Suppose 0 = 4*g - 2*g - 46. Calculate the remainder when g is divided by i.
11
Let g(r) be the third derivative of r**5/60 + r**4/24 + r**3/6 + 2*r**2. What is the remainder when g(5) is divided by (1/(-3))/(4/(-132))?
9
Let l(g) = 25*g - 2. Calculate the remainder when l(3) is divided by 19.
16
Suppose -x + 2*x - 9 = 0. Let o = x - 5. Suppose 4*i = h + 13, -5*h + 14 + 46 = 5*i. Calculate the remainder when h is divided by o.
3
Suppose -4*d = -5*d + 59. Let k(n) = -n**3 + 4*n**2 + 6*n - 4. Calculate the remainder when d is divided by k(4).
19
Suppose -n + 82 = 4*i - 0*n, 3*n - 6 = 0. Calculate the remainder when 57 is divided by i.
17
Suppose 3*s - 6*s = -3*f + 36, 2*s - 51 = -3*f. Calculate the remainder when f is divided by 9.
6
Suppose 5*v + 70 = -0*v. What is the remainder when (-15*1)/(7/v) is divided by 16?
14
What is the remainder when 55 is divided by ((-6)/(-12))/(2/56)?
13
Let a(q) = q**2 + q - 7. Suppose -5*c + x + 16 = 0, 2*c = -0*c + 5*x + 11. What is the remainder when a(-5) is divided by c?
1
Let q(b) = -2*b - 14. Let h(l) = 21*l**2 + l. Calculate the remainder when h(1) is divided by q(-11).
6
Let x(u) = -u**2 - 6*u + 4. Let v(i) = -i**2 + 3. Let d be v(0). Suppose -2*g - 34 = -d*g. Calculate the remainder when g is divided by x(-4).
10
Suppose q + 2*d - 1 = 0, 0 = -5*q - 10*d + 5*d + 20. Calculate the remainder when 25 is divided by q.
4
Let k = -53 + 77. Calculate the remainder when k is divided by 252/(-70)*10/(-4).
6
Let u(x) = -x**3 - 7*x**2 - 7*x + 7. What is the remainder when 48 is divided by u(-6)?
9
Let d = -37 - -54. What is the remainder when d is divided by 3?
2
Let h be 5 - (-2 + 4 - -1). Suppose h*q - 4 = q. Suppose 0 = -5*u - 2*k + 64, -4*u - q*k + 41 = k. Calculate the remainder when 54 is divided by u.
12
Calculate the remainder when 103 is divided by (-260)/(-12) + (-4)/6.
19
Let b be (-1 + (-9 - -2))*-2. Suppose -4*u + 4 = b. Let j = 19 - u. Calculate the remainder when j is divided by 8.
6
Suppose -3*s - 5*x + 38 = -23, 5*x = -20. Calculate the remainder when s is divided by 7.
6
Suppose 5*a = -4*l + 2026, -3*l - 830 = -4*a - 2334. Suppose -3*f = l + 4872. Calculate the remainder when 4/18 - f/36 is divid